00715. Is b composite?
True
Let r(h) = 182*h**2 + 18*h + 13. Suppose 31*i + 80 = 33*i. Let g be ((-1)/(-1))/(5/i) + -2. Is r(g) a composite number?
False
Let u(a) = -7*a + 7. Let n(d) = 6*d - 8. Let k(z) = -2*n(z) - 3*u(z). Let r = 0 - -4. Is k(r) a composite number?
False
Let m(o) = o**2 - 7*o - 3. Let l be m(8). Let h(v) = l - 33*v - 16*v - 3. Is h(-3) composite?
False
Let i be (-26)/3*(-120)/(-80). Let k be (-13)/(i/6)*(-2)/(-3). Suppose -k*w + 2*s = -574, -148 = -w + 2*s - 3*s. Is w a composite number?
True
Let f(q) = -4*q**3 - 32*q**2 - 47*q + 744. Is f(-35) prime?
False
Let j(d) = 43*d + 20. Let u be -1 + -1 + 13/((-91)/(-280)). Let k = -33 + u. Is j(k) a composite number?
True
Let v(x) = -3*x**3 + 6*x + 7. Let o(n) = -n**3 + 3*n + 3. Let m(y) = -3*y**2 + y + 2. Let f be m(0). Let h(l) = f*v(l) - 5*o(l). Is h(-2) a prime number?
True
Let j(t) = -42*t**3 - 12*t + 5*t + 3 + 6*t + 9*t**3. Is j(-2) prime?
True
Let t be (-5 - (-1326960)/(-28)) + (-18)/(-42). Let n = -24793 - t. Is n composite?
True
Let c be 6069*1 + 9/(-36)*20. Let b = c - 2271. Is b a composite number?
False
Let p = 16570 - 9767. Is p composite?
False
Let w(h) = 21*h**2 + 8*h + 48. Let z be w(10). Suppose 1225 + z = 3*s. Is s a composite number?
False
Let v be (-4)/((8/998)/(-2)). Let f(o) = o**3 - 9*o**2 + 12*o - 28. Let z be f(8). Suppose -c + z*s = c - v, -c - s = -499. Is c a composite number?
False
Let s = -94715 - -136662. Let w = -29600 + s. Is w a composite number?
False
Suppose 4*l - 20 = 4*r, 2*r + r + 4*l + 1 = 0. Let h(x) = -156*x**3 - x**2 + 5*x + 7. Let t be h(r). Suppose -3*y = 0, -2*w - 4*y = -7*w + t. Is w prime?
True
Let q(v) = 146*v + 72. Let k(x) = x**3 - 15*x**2 + 3*x - 28. Let n be k(15). Is q(n) composite?
True
Let n(s) be the first derivative of -s**4/4 + 13*s**3/3 + 11*s**2/2 - s - 3. Let z(f) = -2*f**3 - 13*f**2 + 4*f - 15. Let t be z(-7). Is n(t) a prime number?
True
Let g(v) = -118*v + 89. Suppose -103 + 127 = -4*r. Is g(r) composite?
False
Let g = -290921 + 445018. Is g a prime number?
True
Let w(p) = 189*p - 226. Suppose 0 = -4*r + 48 + 4. Is w(r) prime?
False
Suppose 753337 = 2242*k - 2229*k. Is k a composite number?
True
Let c be (-6188)/6*(-1350)/75. Suppose -4214 = -7*t + c. Is t prime?
False
Let o(l) be the third derivative of -61*l**6/60 + l**5/30 + 5*l**4/24 + 5*l**3/6 - l**2 + 4. Is o(-2) composite?
True
Suppose 2*s = 5*i - 4*i - 696, 4*s = -3*i + 2048. Let w = i - 477. Is w prime?
True
Let w = 30765 + -21298. Is w composite?
False
Suppose -39*h = -34*h - 10. Suppose -34 = h*l + 4. Is ((-1810)/(-4))/(l/(-38)) a composite number?
True
Suppose -3561 - 61849 = -5*k. Suppose -2*d + z + k = -0*d, -5*z = 0. Is d composite?
True
Suppose 0 = 20*o - 25*o + 533435. Is o composite?
True
Is 26/(-78) - (-3753200)/15 a composite number?
True
Let q = 395 + -413. Is (q/12*(-121256)/12)/1 a prime number?
False
Let o(f) = -10392*f + 53. Is o(-9) a composite number?
False
Let t(m) be the first derivative of -11*m**4/4 + 2*m**3 - 7*m**2/2 + 37*m + 38. Is t(-9) a prime number?
False
Let c(s) = -s**2 - 7*s - 9. Let g be c(-5). Let d be g/1 - (-5 + 2). Suppose -4*z + 485 = 5*q + 52, -4*z - 332 = -d*q. Is q a prime number?
False
Let g(d) = -311*d - 26. Let v be g(-5). Suppose n - 3*n + 2*h + 4 = 0, 2*n + 4*h - 16 = 0. Suppose n*k - v = 507. Is k composite?
False
Let i(y) = 3*y - 1 + 1 - 2 + 140*y**2. Let v(q) = q**3 - 4*q**2 - q + 3. Let u be v(0). Is i(u) composite?
True
Suppose c = -9*m - 87126 + 1491276, -c = -4*m + 624071. Is m a prime number?
False
Suppose -11 = -5*k + 2*w - 44, -3*w + 12 = 0. Let o be 0/(30/(-12)*8/k). Suppose 3*q + 3*g - 1211 = 265, -3*q + 3*g + 1470 = o. Is q a prime number?
True
Suppose 296*p = 274*p + 2429218. Is p prime?
True
Let p = 84 - -94. Let t = p + 318. Suppose t = s - 130. Is s prime?
False
Let q = -162892 + 507641. Is q a composite number?
False
Suppose 3*a + 5*r = 160, -5*a + 44 = -3*r - 166. Is 2883 + (-5)/(a/36) composite?
False
Is (11 - 2) + 1176086 - (0 - -12) a prime number?
True
Let g(w) = -130577*w + 1807. Is g(-6) composite?
False
Suppose 22*i = 24*i. Suppose i = -6*m - 9*m + 18915. Let l = 2202 - m. Is l a composite number?
False
Suppose 9058683 = 27*l + 7170314 - 9615278. Is l composite?
False
Suppose 4*y + 13*z - 9*z = -4196, 4*z - 5290 = 5*y. Let m = y - -12599. Is m a composite number?
True
Let g be ((-27)/6 + 0)*-12. Let l = 15 - g. Is 3032/14 - l/91 a prime number?
False
Suppose 46*y - 12*y = -13*y + 1664787. Is y prime?
False
Suppose -5*v - 17 = -72. Suppose v*l = 2*l + 90. Is l/4*(7 + 67) composite?
True
Let p(u) = -u**3 - 13*u**2 - 33*u - 21. Let h be p(13). Let c = 1589 - h. Is c composite?
True
Suppose -5*g + 19 = -3*n, n = 3*n + 6. Suppose -2*z = -2*d + 5*d - 427, g*z - 452 = 2*d. Is z a composite number?
True
Suppose 4*n + 74 = 4*p - 38, -3*n + 4*p = 86. Let j be 6743/143 + 4/n. Let i = j - -2. Is i a composite number?
True
Suppose -2*n + 5*t + 4859 = 0, 0*t = 2*n - 2*t - 4862. Is (n/(-192))/(2/(-471)) a prime number?
False
Let i be (1 - 3) + (-4 - (34 + -2)). Let x = -38 - i. Suppose x*t = -2*t + 4358. Is t composite?
False
Let n = -4254 + 2072. Let g = n + 6288. Suppose 0 = -2*d + x + g, -4*d = d + 2*x - 10265. Is d a prime number?
True
Suppose -8*w = -2*w + 972. Let u be (w/(-24) - 4) + 2/8. Is 2 + 951 - (0 - 3) - u a composite number?
False
Let q = -35 - -36. Let t = q - -1. Suppose -u = t*h - 2*u - 2298, -1155 = -h - u. Is h composite?
False
Suppose g + 5*c = 23, -g + 3*c - 11 = -2. Suppose 0 = -l - d + 13099, -11*l + 65495 = -6*l - g*d. Is l prime?
True
Suppose -178901 = -23*y + 62852. Is y a prime number?
False
Suppose -27192 = -12*c + 4*c. Let p = c + 10816. Is p a composite number?
True
Let l be (-4)/5 + 1377390/175. Suppose 34218 + l = 8*f. Is f prime?
True
Let v = -248970 - -549617. Is v composite?
False
Let f be (636/5)/(18/450). Suppose -4*s + f = -1280. Is s prime?
False
Let c = 56 + -50. Let m be (-9)/12*(c - 10). Suppose 4*j - 2112 = -2*q, 4*j + 3118 = m*q - 0*j. Is q a prime number?
False
Let c(y) = -4*y**3 + 80*y**2 + 14*y - 26. Let d be c(31). Is (-4)/9 + (-11)/198*d prime?
False
Let z = -88 - -64. Let c be (20/3)/(8/z). Is (-3)/15 + (-12264)/c a composite number?
False
Suppose 0 = 13*j - 4*j - 69912. Let z = -5025 + j. Is z a prime number?
False
Let x(b) = -20*b**3 + 30*b**2 - b - 10. Let q(t) = -t**2 - 2. Let c(k) = -4*q(k) + x(k). Is c(-7) composite?
True
Let q(n) = n**2 - 8*n + 9. Let w be q(7). Suppose 5*k + y - 44620 = w*y, -17831 = -2*k - 3*y. Is k composite?
False
Let d be 3619 - (-2 - -8)/((-3)/(-2)). Let u = -21556 + d. Is u/11*(2/2)/(-1) a prime number?
False
Suppose -3*b + 13 - 4 = 0. Let m(x) = 1. Let g(o) = -19*o + 1. Let s(v) = b*m(v) - g(v). Is s(5) composite?
False
Suppose -4*j + j = -4*k + 1021549, 3*k - 766160 = 4*j. Suppose 21*t - 20069 = k. Is t a prime number?
False
Let n(q) be the first derivative of -23*q**5/120 + 9*q**4/8 - 5*q**3/3 + 21. Let y(z) be the third derivative of n(z). Is y(-10) prime?
True
Suppose -9*g = -23*g - 4*g + 2446110. Is g a composite number?
True
Let w(f) = -5*f**2 + 2*f - 34. Let z be w(5). Let i = z - -200. Suppose -i*a + 52*a = 1399. Is a prime?
True
Suppose 3 = -3*h + 4*s - 7*s, -2*h + 3*s = -13. Suppose 0 = -h*o + 78 - 1828. Let k = -318 - o. Is k a composite number?
False
Let w(f) = f**3 - f**2 + 4*f - 2. Let b(n) = n**3 - 12*n**2 - 14*n + 17. Suppose -3*x - 3*j = -0*j - 30, 4*j = -x + 1. Let a be b(x). Is w(a) a prime number?
False
Let a = 10 - 4. Suppose -3*r - a = -h, 92 - 18 = 3*h + 5*r. Suppose -2*u + u + 5*g + h = 0, 0 = 2*u + 3*g - 49. Is u a prime number?
True
Suppose -14*h + 851380 = 204678. Is h a composite number?
True
Let g(t) = 4*t**2 + 117*t - 106. Let a be (15 + -9)/((-2)/(-13)). Is g(a) a prime number?
False
Let q(s) = -34*s**2 - 79*s - 33. Let a(c) = 52*c**2 + 119*c + 50. Let k(o) = -5*a(o) - 8*q(o). Is k(20) a prime number?
False
Is 3/(-1) - ((-6607288)/(-2))/(-17) prime?
False
Suppose h = 6*h + 5520. Suppose -30*a + 45*a = -25545. Let v = h - a. Is v a prime number?
True
Suppose -133*k + 2*l - 216482 = -137*k, 0 = -l - 5. Is k composite?
True
Suppose 65504 + 113476 = 30*s. Suppose -s = 25*f - 40591. Is f composite?
True
Suppose -19*m + 10*m = 0. Suppose 2*q - 254 = -m*q. Is q a prime number?
True
Is (((-18)/